*2 + 2*x - 3. Let u be j(3). Let t(l) = -9*l - 2. What is the remainder when t(-4) is divided by (u/(-14))/(1/(-21))?
16
Let j(b) = 4*b - 6. What is the remainder when j(11) is divided by 10?
8
Let w be 4/6*(-61 + -2). Calculate the remainder when 12/w - 352/(-7) is divided by 0 - 1/(-1) - -16.
16
Suppose 5*z = 5, -5*z + 5 - 100 = -4*x. Suppose 5*y - 6 = 2*y. Suppose -2*i + 0*i - 4 = 0, y*m - 16 = -i. Calculate the remainder when x is divided by m.
7
Suppose 31 = 4*o - i, -o + 3*i + 1 + 15 = 0. Let d = o - 4. Suppose 0*x = -5*x - 4*k + 45, d*x + 2*k = 27. What is the remainder when 25 is divided by x?
7
Suppose 0 = -2*q + 6 + 6. Calculate the remainder when q is divided by 3.
0
Suppose 2*v - 20 = -2*v. Calculate the remainder when 12 is divided by v.
2
Suppose -5*v - 1 = -2*q - 2*v, 4*q + 2*v = 26. Suppose -2*k + 3*k = 5*u - 64, 2*k = 2. What is the remainder when u is divided by q?
3
Let f = 105 - 50. What is the remainder when f is divided by 28?
27
Let h(l) = -4*l + 2. Calculate the remainder when h(-5) is divided by -4 - (-12 - 0) - 0.
6
Let c be (-42)/(-9) - 1/(-3). Suppose 4*w - 2*k = 42, -w + c*k = -25 + 1. What is the remainder when 35 is divided by w?
8
Suppose -9*m + m + 256 = 0. Calculate the remainder when m is divided by 12.
8
Let w = 87 - 23. Let r = 6 - 3. Suppose 0*s - s = r*l - 62, 3*l - 70 = s. What is the remainder when w is divided by l?
20
Suppose 3*r + 23 = 2*j, 3*j - 36 = -j - 4*r. What is the remainder when (-328)/205*110/(-8) is divided by j + 1*(-4 - -2)?
6
Suppose 88 = 2*f - 3*h, 2*h + 213 = 5*f - 2*h. Let b = -26 + f. What is the remainder when b is divided by 8?
7
Let w = 6 + -22. Let r = 26 + w. What is the remainder when 18 is divided by r?
8
Suppose 5*r - 12 = 18. Let u(m) = -m**2 + 6*m + 8. Suppose 0 = -2*n - 4*n + 132. Calculate the remainder when n is divided by u(r).
6
Suppose 3*d = -0*d + 6. Suppose 0 = -2*t, 2*x + t + 8 = -4*t. Calculate the remainder when 6/x*(3 + -5) is divided by d.
1
Suppose 0 = -2*i + 2*f + 4, 5 - 1 = 4*i - 5*f. What is the remainder when 9 is divided by i?
3
Let u(b) be the first derivative of -4*b**2 + 1. Suppose -4*s - 16 = 0, -2*p - s + 5 = -5*p. What is the remainder when u(p) is divided by 13?
11
Let z = 11 - -5. What is the remainder when 28 is divided by z?
12
Let x = -4 - -9. Calculate the remainder when -1 - (-2 - (-13)/(-1)) is divided by x.
4
Suppose -5*m = -3*g - 19, 0 = g + 2*g - 6. Suppose -64 = -3*i - m*o, -o - 12 = -i + 2*o. Calculate the remainder when i is divided by (2/(-3))/((-2)/15).
3
Suppose 4*d - 170 = 2*d. Let u be -4 + (-8)/(-10) - 2/(-10). Let m = d + u. What is the remainder when m is divided by 21?
19
Suppose -4*m = -2*i - 242, 2*m - m - 2*i - 56 = 0. What is the remainder when m is divided by 17?
11
Let h(t) = -t + 2. Let w(d) = d**2 - d + 1. Let j(y) = h(y) + w(y). Calculate the remainder when 31 is divided by j(4).
9
Let q be (8/2)/((-1)/5). Suppose g = -3*o - 11 - 99, -o + 4*g - 28 = 0. Let m = q - o. What is the remainder when 31 is divided by m?
15
Suppose 6*y + 20 = y. Let c(i) = i**3 + 6*i**2 - 4*i + 8. What is the remainder when c(-6) is divided by 15/10 + (-38)/y?
10
Suppose -4*x = -0*x - 68. Suppose 0 = -0*z + z + 4*q - 26, -z = -q - 1. What is the remainder when x is divided by z?
5
Calculate the remainder when 50 is divided by 24 + (-8)/(-20)*5.
24
Suppose 4*i + 0*i - 2*f - 216 = 0, 4*i - 204 = -4*f. Calculate the remainder when i is divided by 14.
11
Suppose -22 = 2*r - 92. Calculate the remainder when r is divided by 12.
11
Suppose -4*k - 20 = -14*k. Suppose 2*u - 4 = -0*u. Suppose -k*b - u*b + 88 = 0. Calculate the remainder when b is divided by 8.
6
Suppose 5*o = -3*k + 34, 6*o = -2*k + 2*o + 22. Let b be ((-2)/4)/(1/(-94)). Suppose 5*h + b - 232 = 0. What is the remainder when h is divided by k?
11
Let z(y) = y**3 + 5*y**2 + 3*y + 2. What is the remainder when z(3) is divided by 45?
38
Let o be (-2)/(-4) - 30/(-12). Let m be 80/(o - (0 + 2)). Calculate the remainder when (-6)/(-9) + m/6 is divided by 8.
6
Suppose 2 = 3*a - 13. Let b(w) = -2*w**2 - w - 13. Let y(h) = h**2 + h + 6. Let f(q) = 3*b(q) + 7*y(q). Calculate the remainder when f(-5) is divided by a.
3
Let k(s) = -s**3 + 9*s**2 + 13*s + 8. Suppose -4*m + 45 - 5 = 0. Calculate the remainder when k(m) is divided by 10.
8
Let o be 528/30 - (-4)/10. Suppose -22 - o = -5*u. Calculate the remainder when u is divided by 5.
3
Let y(p) = p**3 - 7*p**2 - 5*p - 3. Suppose 0 = v, 2*z - 5*v = -3*v. Suppose 0 = m - z*m - 12. Calculate the remainder when y(8) is divided by m.
9
Suppose 3*k - 3 = 12. What is the remainder when (-4 - -2) + 4 - -41 is divided by (-385)/(-25) - 2/k?
13
Suppose 3*z - 10 = -2*b + z, -2*z + 10 = b. Suppose b*p - 112 = -4*p. Calculate the remainder when p is divided by 10.
8
Let c(s) = 2*s**2 + s - 1 - 1 + 0*s - s**2. Calculate the remainder when c(-6) is divided by 15.
13
Calculate the remainder when (-3)/4 - (-1240)/32 is divided by 13.
12
Suppose n + 20 = 5*n. Suppose -4*c = -3*q - n, 5*q + 5*c + 0*c = 50. Let o = 19 + -10. Calculate the remainder when o is divided by q.
4
Let x(v) = 2*v**2 - 4. Suppose 5*t + 16 = 6*t. What is the remainder when x(-5) is divided by t?
14
Suppose 13 - 3 = 2*f. What is the remainder when 14 is divided by f?
4
Let o = 230 + -99. Calculate the remainder when o is divided by 46.
39
Let g(l) = 3*l + 10. Let j be g(-7). Let c = 14 + j. What is the remainder when 8 is divided by c?
2
Let j(m) = m**3 - m**2 + m - 3. Suppose 3*n = -0*n. Let s be j(n). What is the remainder when 1*(0 - (s - 10)) is divided by 7?
6
Suppose 16 = 3*a - a. Let x = -5 + a. Calculate the remainder when x is divided by 3.
0
Suppose y + 5*y - 66 = 0. Let g = -68 - -100. What is the remainder when g is divided by y?
10
Let a(w) = w**3 + 13*w**2 - w - 17. Let x be a(-13). Let i be x/(1 - (2 - 0)). Suppose 20 = f + i*f. Calculate the remainder when 13 is divided by f.
1
Suppose -3*c + 86 + 187 = 0. What is the remainder when c is divided by 23?
22
Let y(p) = -10*p + 1. Calculate the remainder when y(-2) is divided by 4/(-3)*144/(-32).
3
Calculate the remainder when 18/(-22) + 1 + (-2184)/(-88) is divided by 10.
5
Suppose w = 9 - 1. What is the remainder when 15 is divided by w?
7
Suppose -76 = -5*o + 609. Calculate the remainder when o is divided by 46.
45
Let n(r) = 2 + 2 - 10 - r. Let b(w) = -w + 11. Calculate the remainder when b(8) is divided by n(-8).
1
Suppose -22 = -5*i + 103. Calculate the remainder when i is divided by 9.
7
What is the remainder when (-6)/6 + (-100)/(-2) is divided by 13?
10
Let g(d) = d**2 + 2*d - 2. Let i be g(-4). Let o = 0 - -6. Calculate the remainder when 37 is divided by (-52)/o*(-9)/i.
11
Let o = -6 + 12. Calculate the remainder when 27 is divided by o.
3
Let p = 10 + 15. What is the remainder when 49 is divided by p?
24
Suppose y + y = 6. Suppose -5*z = -15, -q + 4*z - 40 = -y*q. What is the remainder when 4/74 + 10560/407 is divided by q?
12
Let g be (-4)/(-6)*30/4. Suppose 5*v = -4*j - 112, -j - 3 = -0*j - g*v. Calculate the remainder when (1/1 - j) + 1 is divided by 9.
7
Let w(k) = 3*k**2 - k - 18. Calculate the remainder when w(5) is divided by 19.
14
Suppose 4*q - 20 = 188. Calculate the remainder when q is divided by 18.
16
Let f(n) = 3*n**3 - n**2 + n + 1. Let k be f(2). Suppose 3*q + s + k - 77 = 0, 2*q - 29 = -3*s. What is the remainder when q is divided by 20/(6 - (4 - 0))?
9
Suppose 5*b - 11 = -1. Suppose 2*d = -d - 2*m + 4, -5*d = -b*m - 12. What is the remainder when 375/10 - d/4 is divided by 13?
11
Let q(n) = 2 - 6*n + 4*n + 4*n. Calculate the remainder when 34 is divided by q(5).
10
Let v = 5 + -12. Let n(y) = -y**3 - 7*y**2 - 3*y - 7. What is the remainder when 25 is divided by n(v)?
11
Let v(z) = -z - 1. Let l(j) = 4 + 9*j + 3 - 11*j. Let i(k) = -l(k) + 6*v(k). Calculate the remainder when i(-9) is divided by 12.
11
Suppose 3*u - 5*q = 168, -5*u + q = -0*q - 302. What is the remainder when u is divided by 23?
15
Let g(j) = -24*j**3 + j + 1. Calculate the remainder when ((-50)/(-5))/((-6)/(-57)) is divided by g(-1).
23
Let v = 7 - -4. Let n be (-2)/11 + 189/v. Let a = -9 + n. Calculate the remainder when a is divided by 3.
2
Let i(z) = -5*z**2 + 4 + 8*z + 9*z - 3*z**3 + 4*z**3 - 16*z. Calculate the remainder when 1